e 0 = 4*a - 0*a. Suppose -5*q + 4*o + 9 = a, -5*q - o + 2*o = -21. Give g(q).
-3
Suppose 4*m + 153 = 129. Let k(f) = f**2 + 8*f + 8. Give k(m).
-4
Let k(a) be the first derivative of a**3/3 + 2*a + 13. What is k(0)?
2
Let q = 5 - 3. Let r(z) = -2*z + q - z**3 - z**2 + z + 2*z**2 - z. Let o be r(2). Let d(v) = v**3 + 6*v**2 + 2*v + 8. Determine d(o).
-4
Let m(b) = 6*b + 2*b**2 + 0*b**2 - 4*b**2 + 1 - b**3. Suppose 5*j - 3*p = -110, 3*p - 7*p - 66 = 3*j. Let y = -26 - j. Calculate m(y).
9
Let s(c) = -1 + c**2 + 2*c - 1 - c. Let y be (-5)/(15/6) - -4. Calculate s(y).
4
Let x(a) = -2*a**2 + a + 3. Let r be (27/(-36))/(1/(-4)). Calculate x(r).
-12
Let f(u) = u**2 + 12*u - 1. Let k be f(-12). Let h be 6*(8/(-6) - k). Let g(d) = -2*d**3 - 2*d**2 - d. What is g(h)?
10
Let o(y) = y**3 + 6*y**2 + y + 3. Let a be o(-6). Let c(m) = -m**3 - 4*m**2 + 3. Calculate c(a).
-6
Let t(d) be the first derivative of -2*d**3/3 + 5*d**2/2 + 2*d - 48. Calculate t(4).
-10
Let l(m) = -m**2 + 5*m + 7. Let j(z) = z**3 + 5*z**2 + 3*z - 3. Let d be j(-3). Give l(d).
1
Let k(c) = c**3 - 7*c**2 + 7*c - 6. Let n(l) = -2*l**3 - l**2 + 4*l + 2. Let a be n(-2). Determine k(a).
0
Let k(t) = -3*t - 3. Let f(w) = 6*w + 5. Let m(i) = -4*f(i) - 9*k(i). Suppose -24 = 2*g - 4*o, 0 = -12*g + 17*g - 5*o + 45. Give m(g).
-11
Let g(b) = -b**2 + 10*b - 6. Let u(t) = -2*t**2 + 21*t - 12. Let w(z) = -7*g(z) + 3*u(z). What is w(6)?
0
Suppose 4*c + 96 = 8*c. Suppose s - c = 5*u, 3*s - 9 = u + 7*s. Let z = -9 - u. Let p(b) = -b**2 - 4*b + 5. What is p(z)?
5
Suppose -o + z = 1, 0 = 5*o - 3*o + 5*z + 23. Let f(b) be the third derivative of b**2 + 0*b + 0 - 2/3*b**3 - 1/60*b**5 - 1/4*b**4. Give f(o).
4
Let u(d) = d**3 - 6*d**2 + 4*d + 4. Suppose -4 + 1 = 3*n - 3*z, 4*z + 8 = 0. Let r = 5 + n. Let j be r*3/18*15. Determine u(j).
-1
Let j(m) be the third derivative of m**6/120 + m**5/60 - m**4/12 + 2*m**3/3 + 4*m**2. Let q be 17/(-5) + (-4)/(-10). What is j(q)?
-8
Let w(m) be the second derivative of m**5/20 - 5*m**4/12 + m**3/3 + m**2 - m. Calculate w(4).
-6
Let m(l) = 0*l**3 + l**3 - l + 4*l**3 - 8*l**2 - 6*l**3. Give m(-8).
8
Let d(g) be the third derivative of -g**5/60 + 3*g**4/8 + 2*g**3/3 - 19*g**2. Determine d(9).
4
Let r(s) be the third derivative of s**4/24 - s**3/6 + 5*s**2. Let p be r(3). Let z(n) = -n**3 + 4*n**2 + 2*n - 3. Determine z(p).
9
Suppose 160 = 5*j - 50. Suppose 5*f + 12 = j. Suppose 2 = -2*l - f. Let q(u) = -u**3 - 5*u**2 - 3*u - 3. Give q(l).
-7
Let m(b) be the first derivative of b**4/2 + b**3 - 2*b**2 - 4*b + 2. Let h(j) = 2*j**3 + 2*j**2 - 3*j - 3. Let s(t) = 6*h(t) - 5*m(t). What is s(2)?
10
Let r be -4 - (-1)/(0 - -1). Let n(y) = -y**3 - 2*y**2 + y - 4. What is n(r)?
2
Suppose 16*v - 13*v + 15 = 0. Let w(a) = a**2 + 7*a. Give w(v).
-10
Let s(v) be the second derivative of -v**3/6 + 9*v**2/2 + 13*v + 2. Give s(7).
2
Suppose -5*g = 3*x - 28, 3*x = -g + 3 + 5. Let n(j) = -j**2 + 5*j + 1. Determine n(g).
1
Let u(b) = 0*b**2 + b - 2*b**2 + b - 1. Let x(r) = r**3 - 5*r**2 - 4*r - 6. Let w be x(6). Let v(h) = -h**3 + 7*h**2 - 5*h - 5. Let i be v(w). Determine u(i).
-1
Let r be 6 - (0 + 1)*1. Let b(h) = -r + 2 + 6*h - h + h**2. Let g be b(-5). Let x(f) = -f**3 - 2*f**2 + 4*f + 4. Give x(g).
1
Let v = 30 - 9. Suppose 2*h - v = -3*q, 3*q + 9 = 24. Let d(b) be the first derivative of b**2 - 4*b - 3. Give d(h).
2
Let v be (-4)/(-18) - 860/(-180). Let j(o) be the second derivative of o + 1/20*o**5 - 3/2*o**2 + 7/6*o**3 + 0 - 1/2*o**4. Determine j(v).
7
Let k(j) = 1837*j - j**2 + 5 - 1837*j. Give k(0).
5
Let g = -13 + 17. Let f(m) = 3 + 2*m - 4*m + m. What is f(g)?
-1
Let j(k) be the second derivative of k**5/60 - k**4/6 + k**3/3 - 5*k**2/2 - 8*k. Let i(b) be the first derivative of j(b). Determine i(5).
7
Let p(o) be the first derivative of o**4/4 - o**3 - o**2/2 + 4*o - 20. What is p(3)?
1
Let g(a) = -a - 3. Suppose -7*k = -3*k + 8. Let i(q) = -q**3 + 7*q**2 - 5*q - 6. Let o be i(6). Let j be (2 + -2 + o)/k. What is g(j)?
-3
Let f(a) be the second derivative of a**3/3 - a**2/2 + 6*a. Give f(-2).
-5
Let u(z) = -3*z + 9. Let f(a) = 4*a - 10. Let y(n) = -2*f(n) - 3*u(n). What is y(5)?
-2
Suppose -2*m + 1 = -4*w + m, w - 4*m + 10 = 0. Let d(t) = 4 - w*t - 1 + 3*t - 3*t. Give d(3).
-3
Let k(i) = i**3 - 2*i**2 - 2*i - 1. Let x(d) = d + 8. Let v be x(-5). What is k(v)?
2
Let g(b) = 2*b**2 + 3*b. Suppose 2 = 2*i - 14. Suppose 3*v + v = -i. Give g(v).
2
Suppose 10 = 14*x - 19*x. Let w(o) be the third derivative of o**2 + 1/8*o**4 + 0 + 0*o + 1/3*o**3 + 1/60*o**5. What is w(x)?
0
Let n(w) be the first derivative of -w**4/4 - 14*w + 16. Determine n(0).
-14
Let c(x) = -x + 6. Let u be c(4). Suppose -4*f = u*y + 4, 0 = -5*y - 3*f - 0*f + 18. Let n(d) = d**3 - 7*d**2 + 8*d - 1. Calculate n(y).
11
Let h(a) = -a**2 + 2*a + 2. Let y be (-48)/18*(-18)/4. Suppose 0 = -3*l - 3 - y. Let t = l - -9. Calculate h(t).
-6
Let i(u) = -u**2 + 10*u + 5. Let d = -9 - -3. Let h(r) = -2*r**2 + 21*r + 10. Let n(z) = d*h(z) + 13*i(z). Calculate n(5).
0
Suppose 2*u + 0 = -3*o - 9, 5*u - 2*o - 25 = 0. Let h(r) = -3 - 4 + r + u + 2*r. What is h(3)?
5
Let t(y) be the second derivative of -4*y + 1/2*y**3 + 1/20*y**5 - 1/3*y**4 + 0 - 1/2*y**2. Calculate t(4).
11
Let s(d) be the first derivative of -d**4/4 - 8*d**3/3 - 7*d**2/2 + 4*d + 2. Determine s(-7).
4
Let a(y) = -9*y**3 + y**2 + y. Let c = 17 - 20. Let b(p) = -10*p**3 + p. Let s(d) = c*b(d) + 2*a(d). Give s(1).
13
Let n(m) be the third derivative of -m**5/60 - m**3/6 - 4*m**2. Calculate n(-2).
-5
Let g(m) = 0 - 4 - m**2 - 3 - 10*m. Calculate g(-6).
17
Let i(v) = -2*v - 2. Let f = -7 - -13. Suppose 7*y - 4*y = f. Determine i(y).
-6
Let j(r) = 0*r**2 + r**3 + r - 5*r - 1 - r**2. Let u(k) = -k**2 - 14*k - 15. Let p be u(-13). Let t(c) = -c**2 - 2*c + 3. Let y be t(p). Give j(y).
5
Let y(b) = -b**3 - b**2 + 4*b + 3. Suppose 3*m - 2*i + 4 = -10, 0 = -i + 4. Give y(m).
-1
Let z(q) be the second derivative of -q**5/20 + q**4/12 + q**3/2 + 3*q**2/2 + q. Let t = -433 + 436. Calculate z(t).
-6
Let l(x) = 7*x**3 + 6*x**2 + x + 13. Let r(j) = -15*j**3 - 12*j**2 - j - 27. Let u(v) = -13*l(v) - 6*r(v). Give u(-5).
3
Suppose -2*l = l. Suppose l = c + c. Let a(u) = -2*u**3 + 26. Let b(j) = -j**3 + 13. Let t(z) = 4*a(z) - 9*b(z). Give t(c).
-13
Let b(k) be the second derivative of k**3/6 + 3*k**2 - 4*k. Calculate b(-6).
0
Let n(z) = -2*z**2 - 4 - z + 7 + 3*z**2 - 6. Give n(0).
-3
Let u(n) = -n + 20 - 17 - n**3 - 6*n**2 - 10. What is u(-6)?
-1
Let d(x) be the second derivative of -x**4/12 - x**3/6 - 6*x**2 + 9*x. Give d(0).
-12
Let g(t) = 7 + t**2 + 10*t + 3 - 3 - 2*t. What is g(-6)?
-5
Let x(i) be the second derivative of i**5/20 - i**4/2 + 2*i**3/3 - 3*i**2/2 - 9*i. Give x(5).
-8
Let b(u) = 2*u**2 - 2*u + 1. Let r be b(1). Let l(z) = 3*z - 1. Let o be l(r). Let s(g) = -4 + o*g - 5*g + g**2 + 5*g. Give s(-3).
-1
Let i(b) be the second derivative of 1/4*b**4 + 0*b**3 - b**2 + 0 + 1/20*b**5 + b. Let d be 0/9 - (-1 + 4). Calculate i(d).
-2
Let t(b) = -b**3 + 3*b**2 + b + 1. Suppose -4*i + 8 = 3*p - 6, -p = 2*i - 6. Determine t(i).
7
Let a = 19 - 12. Let o = -3 + a. Let i(t) = t + 2. What is i(o)?
6
Suppose 16*k - 12 = 18*k. Let n(s) = -2*s - 9. What is n(k)?
3
Let s(n) = 6*n + 1. Let q(p) be the second derivative of -p**5/20 + 5*p**4/6 - p**3/6 + 9*p**2/2 - p. Let i be q(10). What is s(i)?
-5
Suppose -12*k = -70 + 10. Let t(u) be the third derivative of 0*u - 1/15*u**k + 0 + 1/24*u**4 + 3*u**2 - 1/6*u**3. Determine t(1).
-4
Let y(f) be the first derivative of f**4/4 + 2*f**3/3 - 2*f**2 - 4*f + 1. Suppose 4*r + 3 = 3*r. Calculate y(r).
-1
Suppose 3*q = -8*q - 11. Let y(x) = -5*x + 1. Determine y(q).
6
Let k(y) = -y**2 + 3*y - 2. Let s be k(3). Let o be (s - -5) + 1*-3. Let r(b) = b**3 - b + 5. Give r(o).
5
Suppose f - 4*s + 23 = 0, -f - 4*s + 3*s = -2. Let p(t) be the third derivative of -t**4/8 - 2*t**3/3 - t**2. Calculate p(f).
5
Let j(d) = d. Let p(z) = -z. Let u(i) = 3*j(i) + 4*p(i). What is u(0)?
0
Let j = -1 + 4. Let d(u) = 5*u**3 - 4*u**2 + 7*u + 4. Let k(g) = 5 + 2*g - 6*g**2 + 6*g**3 + 2*g**2 + 6*g. Let n(m) = 5*d(m) - 4*k(m). What is n(j)?
0
Let l be (-1)/(-3) + (17/3 - 4). Let s(c) be the first derivative of -c**4/4 + 2*c**2 - 3*c - 1. Determine s(l).
-3
Let n(q) = q**2 + 3